what is 3c2 + 9?
3cb
In base 13, what is c93 - -2?
c95
In base 2, what is 101 - 11?
10
In base 7, what is -22004 + 1?
-22003
In base 5, what is 30 - -110?
140
In base 13, what is 354 - -3?
357
In base 9, what is -1013 + 1?
-1012
In base 13, what is cc - 11?
bb
In base 14, what is 1cc - -5?
1d3
In base 12, what is 2 - 243?
-241
In base 15, what is 0 - 66?
-66
In base 4, what is 3 + 21110?
21113
In base 12, what is -7 - -7?
0
In base 2, what is -1101 - 1000?
-10101
In base 5, what is 240131 + 2?
240133
In base 11, what is -60 - 1?
-61
In base 8, what is 2 - -1176?
1200
In base 15, what is 3 - 4?
-1
In base 5, what is 442 + -31?
411
In base 10, what is -2752 - -7?
-2745
In base 15, what is -18 - -1?
-17
In base 5, what is 12333 - -2?
12340
In base 8, what is -172 + -6?
-200
In base 2, what is -10100 - -1101001?
1010101
In base 11, what is 13 - 55?
-42
In base 3, what is -20010020 + -12?
-20010102
In base 3, what is -12 - -10222101?
10222012
In base 14, what is b - 10a?
-dd
In base 4, what is 10230 + -3?
10221
In base 6, what is -32355 + -4?
-32403
In base 9, what is -5 + -814?
-820
In base 10, what is 1087 - 41?
1046
In base 2, what is -1100100 - 100?
-1101000
In base 16, what is 44 + -5?
3f
In base 7, what is -52140 + 2?
-52135
In base 16, what is -42 + 4?
-3e
In base 9, what is 101 + -4?
86
In base 14, what is -5 + 23a?
235
In base 3, what is 2220001 - 11?
2212220
In base 7, what is 1235 - 22?
1213
In base 16, what is 42a - 3?
427
In base 12, what is 6 + 4?
a
In base 10, what is 58 + 33?
91
In base 6, what is -52 - 0?
-52
In base 7, what is -2 - 644?
-646
In base 13, what is 2 + -61?
-5c
In base 16, what is -f - b7?
-c6
In base 5, what is -100321 - 1?
-100322
In base 13, what is -22b + 5?
-226
In base 12, what is 3 - 58?
-55
In base 10, what is -5534 + -4?
-5538
In base 9, what is -5 - -574?
568
In base 3, what is -21 + 22?
1
In base 7, what is 5 + -364?
-356
In base 15, what is 0 + -5b?
-5b
In base 6, what is 25 + -213?
-144
In base 8, what is -22700 - -1?
-22677
In base 9, what is 15 + -531?
-515
In base 6, what is -2 + -33?
-35
In base 14, what is -1a0 + -7?
-1a7
In base 14, what is -442 + -1?
-443
In base 15, what is -1be + 1?
-1bd
In base 7, what is -20652 + -2?
-20654
In base 5, what is -322413 - 2?
-322420
In base 6, what is 0 - 4534?
-4534
In base 9, what is 5 + 3271?
3276
In base 13, what is c - -62?
71
In base 13, what is -2 - 31?
-33
In base 2, what is 11 - -11010010?
11010101
In base 16, what is -8dd - -1?
-8dc
In base 2, what is 10001100001 + 11?
10001100100
In base 14, what is 16 + -3?
13
In base 6, what is -1401 + -5?
-1410
In base 10, what is -34 - -23?
-11
In base 11, what is 2 - -389?
390
In base 9, what is 1586 + 5?
1602
In base 10, what is -116 - -57?
-59
In base 12, what is -b + -3a7?
-3b6
In base 13, what is -b - 5?
-13
In base 12, what is 130 + -2?
12a
In base 11, what is -1 + -a5?
-a6
In base 15, what is 0 + 481?
481
In base 6, what is -1400 + 5?
-1351
In base 15, what is -2 - -7?
5
In base 15, what is -1 - -7a6?
7a5
In base 15, what is -3d79 + -2?
-3d7b
In base 6, what is 3241 - 4?
3233
In base 15, what is -cee + -1?
-d00
In base 3, what is -1000010 - 111?
-1000121
In base 14, what is -32 - 109?
-13b
In base 16, what is 37 + -2?
35
In base 13, what is 7 + -201?
-1c7
In base 10, what is -786 - -15?
-771
In base 16, what is -9 - 2?
-b
In base 5, what is 104 + 1413?
2022
In base 4, what is -32 + -2300?
-2332
In base 6, what is 0 - -4?
4
In base 12, what is 5 - -1a?
23
In base 5, what is -22 + 2133?
2111
In base 7, what is -352 - -1?
-351
In base 11, what is -5 - -72?
68
In base 10, what is -1041 - 2?
-1043
In base 6, what is 1 + -133?
-132
In base 4, what is 3 - -12013?
12022
In base 12, what is -413 + -43?
-456
In base 7, what is -1222 + -5?
-1230
In base 5, what is 3 - -324?
332
In base 6, what is 242 + -414?
-132
In base 5, what is 0 + -440?
-440
In base 7, what is -5 - 1314?
-1322
In base 10, what is -20 + 367?
347
In base 11, what is 8 + -3?
5
In base 2, what is -110 + 1110?
1000
In base 2, what is -1101110 + 10?
-1101100
In base 3, what is 2 - 11212?
-11210
In base 5, what is -1 - 2412?
-2413
In base 5, what is 23 - -243?
321
In base 2, what is -101 - 1001001?
-1001110
In base 16, what is 5 + -b5?
-b0
In base 7, what is 3 - 3164?
-3161
In base 3, what is 210022 - 100?
202222
In base 14, what is 4 - 8d9?
-8d5
In base 10, what is 12 + -28?
-16
In base 11, what is 4 + 144?
148
In base 14, what is d3 - -1?
d4
In base 5, what is 132001 - 0?
132001
In base 14, what is -1c4 - 2?
-1c6
In base 8, what is 4 + 34?
40
In base 12, what is 3 - -6a?
71
In base 5, what is -10 + 412?
402
In base 4, what is -3 - -1021?
1012
In base 3, what is 1022 - 22?
1000
In base 10, what is 170 + -2?
168
In base 10, what is -55 + -28?
-83
In base 16, what is -3ae + 2?
-3ac
In base 5, what is -24 + 2?
-22
In base 11, what is -13 + 3aa?
397
In base 4, what is 2 - -11130?
11132
In base 15, what is 9d5 + -8?
9cc
In base 5, what is 30 - -1223?
1303
In base 9, what is -7 + 221?
213
In base 13, what is 1b2 + 1?
1b3
In base 6, what is -154 + -21?
-215
In base 3, what is 1 - 1120200?
-1120122
In base 6, what is 1 + 115?
120
In base 11, what is -1184 + -3?
-1187
In base 12, what is 4 - 149?
-145
In base 2, what is -1000110 - -1010?
-111100
In base 14, what is 7 + 117?
120
In base 7, what is -5 + 4?
-1
In base 10, what is 4073 - 1?
4072
In base 15, what is -9a + -1d?
-b8
In base 10, what is 142 - 1?
141
In base 12, what is -124 - a9?
-211
In base 2, what is 101000 + -10011101?
-1110101
In base 6, what is 32 - 0?
32
In base 10, what is 8 - 14?
-6
In base 16, what is 1 + -6d?
-6c
In base 9, what is -453 + -23?
-476
In base 7, what is -311 + -1?
-312
In base 4, what is 33 - 23?
10
In base 14, what is 0 + 568?
568
In base 3, what is -12 + 11120?
11101
In base 14, what is -3 - -b7?
b4
In base 8, what is 5 - 72?
-65
In base 9, what is -13 - 12?
-25
In base 16, what is 0 + 35?
35
In base 7, what is 1123 - 5?
1115
In base 5, what is 423 + -10?
413
In base 15, what is 1254 + -4?
1250
In base 6, what is -345 - 243?
-1032
In base 10, what is -5 + -533?
-538
In base 3, what is 1221 - -2?
2000
In base 10, what is 583 - -14?
597
In base 3, what is -2002021 + 12?
-2002002
In base 15, what is -9 - -3e?
35
In base 7, what is 31 + 33?
64
In base 9, what is -1 - 46?
-47
In base 9, what is 4 + -44?
-40
In base 11, what is 4 + 119?
122
In base 13, what is 5 + 30a?
312
In base 15, what is 10e - -4?
113
In base 7, what is -601 + 4?
-564
In base 3, what is -10 + -11000?
-11010
In base 16, what is 17 + -19c?
-185
In base 5, what is 3 - -2222?
2230
In base 11, what is -922 + 15?
-908
In base 13, what is 15023 + 4?
15027
In base 16, what is 67c - -2?
67e
In base 12, what is 4 + 17?
1b
In base 9, what is 12 + 150?
162
In base 16, what is -3b - 4?
-3f
In base 5, what is 114 - 2?
112
In base 9, what is 51 + -2?
48
In base 9, what is -111 + -8?
-120
In base 16, what is 52 + -12?
40
In base 7, what is 46 - 13?
33
In base 13, what is 11 + 288?
299
In base 5, what is -31 + 12?
-14
In base 10, what is -19 - 13?
-32
In base 14, what is 22 + -a?
16
In base 12, what is -10 + 2?
-a
In base 13, what is 13 + -c?
4
In base 16, what is 147 + -c?
13b
In base 9, what is 4 - -230?
234
In base 9, what is 5 - -383?
388
In base 13, what is 5 - -41b?
423
In base 12, what is 298 + 0?
298
In base 6, what is -11013 + 4?
-11005
In base 5, what is -100 + -103?
-203
In base 16, what is 590 - -2?
592
In base 4, what is 30302 + -11?
30231
In base 7, what is 4 - -244?
251
In base 8, what is 4647 - 7?
4640
In base 4, what is -11233 - 0?
-11233
In base 6, what is 114 - -201?
315
In base 9, what is -77 - -27?
-50
In base 16, what is 15c - 4?
158
In base 2, what is 110010001 + -11?
110001110
In base 9, what is -2 - -160?
157
In base 11, what is 5 + -121?
-117
In base 4, what is 0 + 11112?
11112
In base 2, what is -1100 - -1010?
-10
In base 12, what is 2a29 - -2?
2a2b
In base 3, what is 21 + -202?
-111
In base 14, what is -195 + -4?
-199
In base 15, what is -3 + 72?
6e
In base 16, what is 10 - 21?
-11
In base 7, what is 62 - -33?
125
In base 5, what is 42 - -3?
100
In base 8, what is -201 - -64?
-115
In base 16, what is 51 + 12?
63
In base 16, what is -a - -3?
-7
In base 7, what is 4142 - 1?
4141
In base 5, what is 